factor of 30 and b?
15
Let m(p) = -p + 7. Let b be m(10). Let l be 1 - b/(6/26). Calculate the greatest common divisor of 56 and l.
14
Let b(n) = 10*n + 16. Let j be b(5). What is the highest common factor of j and 44?
22
Let i(w) = 34*w - 3. Suppose -5*j = -5*z + 5, j - 5*z + 2 + 15 = 0. Let r be i(j). Calculate the greatest common factor of 9 and r.
9
Suppose -2*u + 2*s + 134 = 0, 3*u - s + 3*s = 181. Let y = u + -23. What is the greatest common divisor of y and 20?
20
Suppose -i - 4*i + 210 = 0. Suppose -u = -20 - 48. Suppose -33 = -3*z - 3*c, 0*z + 4*z - 4*c = u. What is the highest common factor of z and i?
14
Suppose -6*t + t - 100 = -3*k, 5*t + 90 = k. Let b be (1 - t)*(-4 + 5). What is the highest common factor of b and 6?
6
Let a = -171 - -96. Let t be (12/5)/((-6)/a). Let r(y) = y. Let s be r(6). Calculate the highest common factor of s and t.
6
Suppose 31 - 3 = r. Suppose 28 = n + n. Suppose -4*p + 2*p + n = 0. Calculate the highest common divisor of p and r.
7
Let l(w) = 2*w + 3. Let c be l(-8). Let p = c + 15. What is the greatest common factor of 22 and p?
2
Let w be (-6)/(2/1) + 3. Suppose w*r + 399 = 2*r + u, 0 = 5*r - u - 987. Calculate the highest common factor of 22 and r.
22
Let u be 3/1 + 6/3. What is the highest common divisor of u and 2?
1
Let v(r) = r**2 + 6*r + 5. Let j be v(-6). Calculate the greatest common factor of 25 and j.
5
Let i(r) = r**3 + 13*r**2 - 16*r + 8. Let n be i(-14). Calculate the highest common factor of n and 324.
36
Suppose -3*l = -2*l - 3*p - 41, 153 = 3*l + p. What is the greatest common factor of l and 10?
10
Let l(j) = -j**2 + 7*j - 2. Let f be l(6). Let w = 42 + -32. Calculate the highest common factor of f and w.
2
Let f be (-33)/2*(-2)/1. Suppose 4*l - u = 40, u = 3*l + 2*l - 51. Calculate the greatest common factor of l and f.
11
Let a = 286 + -160. Let y be (-4)/(-10) + (-113)/(-5). Suppose 67 + y = 5*v. What is the highest common divisor of v and a?
18
Suppose 2*i = 3*n - 36, -20 = i + 2*n - 9. Let j = 42 + i. Let w = 0 - -18. Calculate the greatest common divisor of j and w.
9
Suppose 2*f - f = 14. Let d = -461 + 482. Calculate the greatest common divisor of f and d.
7
Let n be -40*(-15)/(-50)*-2. What is the highest common divisor of 144 and n?
24
Let n(k) = k - 5. Let v(a) = -4*a + 14. Let u(c) = -14*n(c) - 5*v(c). Let o be u(6). Calculate the greatest common factor of o and 4.
4
Suppose 2 + 4 = 3*k. Suppose k*t + 2*y - 16 = 0, 0 = 4*t - 4*y + 3*y - 57. What is the greatest common divisor of 130 and t?
13
Let k = 14 + 2. Let f = 36 - k. Suppose 0*m - 35 = -m + 2*l, 0 = -4*l + f. What is the highest common factor of m and 18?
9
Suppose 2*m - 40 = -3*m. Suppose g + 8 = 2*g. Calculate the greatest common factor of m and g.
8
Suppose 3*p - 13 = 287. What is the highest common divisor of 40 and p?
20
Suppose -3*b + 132 = 15. What is the greatest common factor of b and 3?
3
Let i = -16 + 39. Calculate the greatest common divisor of 138 and i.
23
Let h = -16 + 34. Suppose -3*n + 45 = -5*f, 0 = 5*n + 4*f - 20 - h. Suppose -5 = 5*q, -4*z - 5*q + 19 = 4. Calculate the greatest common factor of z and n.
5
Let y be (-550)/(-30) + (-2)/6. Calculate the highest common divisor of y and 24.
6
Let m = 54 + -2. Let h = m - 24. Let i be 10/3*(-9 - -30). Calculate the highest common divisor of i and h.
14
Let k(l) = -l**2 + 8*l - 6. Let w be k(6). What is the greatest common divisor of 6 and w?
6
Let f be 51/15 + (-4)/10. Let r(i) = 3*i + 2*i**f + 6*i**2 - 7*i**2 - 6*i**2. Let u be r(5). What is the greatest common factor of u and 10?
10
Suppose -7*y - 820 = -2*y. Let q = 236 + y. Calculate the highest common divisor of q and 8.
8
Let o(s) = 5*s**2 + 4*s + 2. Let c be o(-4). Suppose -7*f = -3*f + 20. Let a be (-28)/f + 32/80. Calculate the greatest common factor of a and c.
6
Let i(k) = -k**3 + 12*k**2 + 6*k - 11. Let d be i(12). Suppose 0 = 4*g - 4*j - d - 55, -5*j = -15. Calculate the greatest common divisor of g and 48.
16
Let f = -11 - -23. What is the greatest common factor of 96 and f?
12
Let d(m) = 8*m**3 - 4*m**2 + 4*m + 1. Let a be d(3). Suppose 0 = 2*z - 197 - a. Let w be (2/(-3))/((-10)/z). What is the greatest common factor of 13 and w?
13
Let r(p) = -27*p - 26. Let a be r(-8). Calculate the greatest common divisor of a and 76.
38
Suppose -3 = -n - h, -3*h + 15 = 5*n + h. Suppose -13 = -3*m - 4*u, -m - u + 5 = 2. Let s be (22/(-6))/(m/n). Calculate the highest common divisor of s and 55.
11
Let j = 19 + -9. Calculate the greatest common factor of j and 110.
10
Let t be ((-6)/9)/((-1)/66). Calculate the greatest common factor of 66 and t.
22
Suppose -3*a - 6*a = -432. Calculate the greatest common divisor of a and 84.
12
Let v(s) = -s**2 - s + 120. Let t be v(0). Let y = 177 - 162. Calculate the greatest common divisor of y and t.
15
Suppose -3*v - 8*t = -4*t - 219, 3*t = 0. Suppose -4*c - 2 = -10, 4*c = -5*x + v. What is the highest common divisor of 104 and x?
13
Let v(h) = -h**3 - 14*h**2 + 15*h + 16. Let z be v(-15). Suppose -3*r - 3*n + 69 = -21, -r = -4*n - 40. What is the highest common factor of z and r?
16
Let u be (1 - -1)/(1/6). Suppose -4*z = -u - 0. Suppose 2*n - 36 = -n. Calculate the highest common divisor of n and z.
3
Let k = -838 + 1238. What is the greatest common factor of 25 and k?
25
Let v be 5*(4/(-10) + 0). Let z be 7/1*(v - 11). Let u = z + 147. What is the highest common factor of u and 14?
14
Suppose 0 = 6*f - 3*f. Suppose f*m + 462 = 2*m. What is the highest common factor of m and 21?
21
Let p be 6/20*2*10. Suppose -4*x = 2*j + 24, -j - 2*x = -p*j - 84. Let z be 0 + 2/(-2)*j. What is the highest common divisor of 128 and z?
16
Let v(n) = n**2 + 3*n + 2. Let j be v(-4). Suppose 3*u = 5*x - 321, 0*x + 3*x = -3*u + 207. What is the highest common factor of j and x?
6
Let g(s) = -8*s - 2. Let k be g(-10). Let w = k - 54. Suppose -2*z - 2*z + 16 = -4*u, -5*u = -4*z + 14. Calculate the highest common factor of z and w.
6
Let g = -81 + 94. Calculate the greatest common divisor of g and 247.
13
Let v(r) = 3*r - 7. Let k be v(5). Let y = k + -2. Let j = 139 + -85. Calculate the highest common divisor of y and j.
6
Let l = -5 - -7. Suppose -2*x - l*x + 44 = 0. Calculate the highest common factor of 11 and x.
11
Let d = 34 + -19. Calculate the highest common divisor of 75 and d.
15
Let y(r) = -r**3 - r + 84. Let q = -4 + 4. Let v be y(q). Calculate the greatest common factor of 12 and v.
12
Let c be 10/(-35) + (-116)/(-14). Let v be 1/1*(c - 7). What is the highest common factor of v and 8?
1
Suppose 2*b - 8 = 16. What is the greatest common factor of 132 and b?
12
Suppose 86 = 5*i - 3*x + 6*x, -4*i - 4*x = -64. What is the highest common divisor of 209 and i?
19
Suppose -k = f - 0*f + 3, 0 = -5*k - f - 23. Let j be (-7)/k + 6/(-15). Let x be 4 - (1 + j + -1). Calculate the greatest common factor of x and 3.
3
Let v be (-3)/((-1)/(-1 + 4)). Let x = v - 0. Let t = -8 - -14. Calculate the highest common factor of x and t.
3
Suppose 11*o + 15 = 92. Calculate the highest common divisor of o and 14.
7
Suppose 4*v - 2*y - 168 = -v, -4*y + 144 = 5*v. What is the greatest common factor of 8 and v?
8
Suppose 28 = -0*d + 4*d. Let n = 25 + d. Suppose 0 = -3*h - 5*q - 3 + 27, 4*h + 3*q = 32. Calculate the greatest common factor of h and n.
8
Suppose -2*s + 0*s + 350 = 0. Calculate the highest common divisor of s and 35.
35
Let g = -147 - -153. Calculate the highest common divisor of 6 and g.
6
Let u(k) = -k + 8. Let o be u(-22). Calculate the greatest common factor of 75 and o.
15
Let f(t) = -t + 10. Let c be f(5). Suppose -c*j = -7*j + 24. Calculate the greatest common factor of j and 36.
12
Suppose x = w + 23, 3*w = 2*x + 3*x - 125. Calculate the greatest common divisor of 42 and x.
14
Let c(o) = o**2 + 8*o + 4. Let d(k) = k**2 - 8*k + 7. Let x be d(5). Let r be c(x). Suppose -1 - 11 = -r*f. What is the greatest common factor of f and 33?
3
Suppose 14 = 4*j - j + 2*y, -2*y = -8. Suppose -4*p + 10 = p. Let w be (-12 + j)*p/(-2). Calculate the highest common factor of 110 and w.
10
Let p be (-3)/(2/(4/3)). Let r = p - -2. Suppose 3*l - 15 - 39 = r. Calculate the highest common divisor of l and 198.
18
Let j = -22 - -10. Let a be (1 + 28/j)*-6. Calculate the greatest common divisor of 